-8)/(-28)). Suppose -3*g = c*i - 44, 2*g - 40 = -2*i - 2*i. Let h = 18 + g. List the prime factors of h.
2, 3, 5
Let m(h) be the first derivative of -h**4 - 4*h**3 + 15*h**2/2 - 194. List the prime factors of m(-8).
2, 5, 29
Let f(r) = 157*r**3 + 44*r**2 - 35*r - 3. List the prime factors of f(8).
3, 37, 83
Let n be 0/((-3)/3 + -1 - 1). Suppose n*g - 525 = -5*g - 5*h, g - 2*h - 120 = 0. Suppose g = 7*d + 3*d. List the prime factors of d.
11
Let m = 18 + -21. Let g be m/(-12) - 2335/(-20). Suppose -g = -11*f + 37. List the prime factors of f.
2, 7
Suppose 4*r = -80 + 304. Suppose p = y - 10, -4*y + 14 = -y + p. Suppose h - r = -i - 3, 2*i + y = 0. What are the prime factors of h?
2, 7
Let o(n) be the second derivative of -10*n**3/3 + 3*n**2/2 - 3*n + 68. What are the prime factors of o(-38)?
7, 109
Let d = 313 + -138. What are the prime factors of d - (-10 - -12)*2/(-4)?
2, 11
Let w = 177 - 111. What are the prime factors of ((w/12)/(-11))/(4/(-3576))?
3, 149
Let t(o) = -o**3 + 5*o**2 + 3*o - 6. Let p be t(5). Suppose -10*s - 2244 = -44*s. Let x = s + p. What are the prime factors of x?
3, 5
Suppose -3*l = h - 1336, 0 = 8*l - 3*l + 2*h - 2227. Let b = l + 1431. What are the prime factors of b?
2, 7, 67
Suppose 4*i + 50804 = s, 3*i = 8*s - 333839 - 72564. List the prime factors of s.
2, 5, 127
Let z = -18 + 20. Let d(i) = -2*i**3 - i + 5. Let c(p) = 5*p**3 + p**2 + p - 11. Let j(x) = 4*c(x) + 9*d(x). What are the prime factors of j(z)?
23
Let r = 78 - 77. Suppose -1 = -9*x - r. Suppose -4*s + 5*s - 29 = x. List the prime factors of s.
29
Suppose 89*w = 32*w + 1497048. List the prime factors of w.
2, 7, 67
Let c(s) = -4*s. Let n be (20/80)/(1/8). Let g be c(n). Let y = 17 + g. List the prime factors of y.
3
Let x(u) = 63*u + 34. Let w be x(6). Suppose 7*d + 2295 = -2*d. Let r = d + w. What are the prime factors of r?
157
Let r(u) = -41 - 46 + 77 - 32*u. Suppose -20*w - 25 = -15*w. List the prime factors of r(w).
2, 3, 5
What are the prime factors of (-1)/4 - ((-101065064)/(-32))/(-53)?
2, 5, 59, 101
Let f = 4265 - -1434. What are the prime factors of f?
41, 139
Let a = -553 - -807. Suppose a = -t + h, 0 = t - 4*h + 54 + 200. Let u = -181 - t. What are the prime factors of u?
73
Suppose 0 = h + i - 11751, -h + 51*i - 56*i = -11743. List the prime factors of h.
7, 23, 73
Let z be (-84)/21 + (-8)/1 + -2. Let a(g) = -2*g**3 - 28*g**2 - 5*g + 2. List the prime factors of a(z).
2, 3
Suppose 3*u + 5*c - 4537 = 0, -2*c - 4983 = -4*u + 1023. Suppose 0 = -209*d + 213*d - u. What are the prime factors of d?
2, 47
List the prime factors of 9226/(-35)*(1 - 236).
2, 47, 659
Suppose -2*m - 4*l = -9104 - 542, -2*m = -4*l - 9686. What are the prime factors of m?
3, 179
Let n be (160/(-24))/((-4)/366). Suppose 281 = 9*j - n. List the prime factors of j.
3, 11
Let m = 137 + -196. Let w = 59 + m. Suppose -p - p + 258 = w. What are the prime factors of p?
3, 43
Let b(h) = -3*h**2 - 24*h + 14. Let w be b(-12). Let i = w - -130. Suppose i = -8*r + 281 + 367. List the prime factors of r.
3
Let o(h) = -h**3 - 7*h**2 - 11*h - 10. Let r be o(-5). Let j(z) = -5*z**2 - z + 22. Let w be j(r). Let f = w + 250. List the prime factors of f.
2, 19
Let p(k) = -6*k**3 + 3*k**2 - 3*k + 8071. What are the prime factors of p(0)?
7, 1153
List the prime factors of (2541/(462/(-22)))/((-1)/1).
11
Suppose 23*h - 28*h + 72896 = -2*v, -v = 3*h - 43753. List the prime factors of h.
2, 23, 317
Let w be (-8*108/8)/(6/4). Let k = w - -213. What are the prime factors of k?
3, 47
Let g = 205 + 157. Let s be 4/(-16) + g*(-3)/(-24). Suppose -43*t = -s*t + 74. What are the prime factors of t?
37
Let b = 84792 - 49561. List the prime factors of b.
7, 719
Let a = -16872 - -31240. What are the prime factors of a?
2, 449
Let l be (0/(-22))/(3 - 1/1). Suppose 3*v - 2723 - 2263 = l. List the prime factors of v.
2, 3, 277
Suppose -26825 = -5*q + 5*i, -q + 1364*i + 5361 = 1367*i. List the prime factors of q.
2, 3, 149
Let h = 432320 - 298545. List the prime factors of (21/18)/7 + h/150.
2, 223
Let k be (5 - -1) + 579 - (-1 + -3). Suppose -9517 + k = -6*s. List the prime factors of s.
2, 3, 31
Let j(p) = -9*p**3 - 47*p**2 - 8*p + 67. What are the prime factors of j(-15)?
11, 23, 79
Suppose 2*o - 15133 = 3*v, -5*v - 61 + 36 = 0. List the prime factors of o.
7559
Let g be (20461/(-185))/(1/(-5)). Suppose 0 = -548*b + g*b - 5285. What are the prime factors of b?
7, 151
Let c = 109353 - 76406. List the prime factors of c.
47, 701
Let h be 2/10 - ((-64640)/(-50))/4. Let c = h - -657. What are the prime factors of c?
2, 167
Let a(m) = 29*m**2 + 4*m + 9. Let i(c) = -10*c**2 - c - 3. Let j(v) = 2*v + 20. Let l be j(-8). Let x(r) = l*a(r) + 11*i(r). List the prime factors of x(4).
7, 17
Let h(f) = f**3 - 12*f**2 + 4*f - 40. Let p be h(12). Suppose -10*l - p*l + 3240 = 0. Suppose 9*q - l = 4*q. List the prime factors of q.
2, 3
Suppose 5*t = 5*x - 2*x + 7, 57 = -5*x - 3*t. Let a(h) = -93*h - 56. What are the prime factors of a(x)?
11, 71
Let n = -11 - -13. Suppose n*k = 7*k - 25. Suppose -4*l = 3*s - 84, -l = -3*l - k*s + 28. List the prime factors of l.
2, 3
Let l(g) = -2*g**2 - 26*g - 3. Let k be l(-16). Let a = k - -118. Suppose 1100 = -9*q + a*q. What are the prime factors of q?
2, 5, 11
Suppose -7*k + 0*k + 14 = 0. Suppose 0 = l + 3*d - 198, 2*l - 122 = k*d + 290. What are the prime factors of l?
2, 3, 17
Let z(m) = 22*m**2 - 12*m - 7. Let w be z(11). Suppose -w + 488 = -11*d. List the prime factors of d.
5, 37
Let v(i) = -94*i**3 - 16*i**2 + 131*i + 1080. List the prime factors of v(-8).
2, 3, 491
Suppose 536*i = 530*i + 36. Suppose i*q = 9*q - 480. What are the prime factors of q?
2, 5
Suppose 5*k - 28 + 3 = 0. Let z(y) be the first derivative of 4*y**3/3 + 11*y**2/2 - y + 5. List the prime factors of z(k).
2, 7, 11
Let r(u) = 25*u - 95. Let o be r(4). Suppose x + 2459 = 6*x - 2*y, -y = -o*x + 2457. What are the prime factors of x?
491
Let i(u) = 97 - 2*u + 0*u + 3*u. Let o be i(0). Let w = o - 12. List the prime factors of w.
5, 17
Let w(l) = 330*l**2 + 3*l + 3. Let q(t) = -7*t + 58. Let v be q(8). What are the prime factors of w(v)?
3, 443
Suppose -2*c + 10 = -0*c. Suppose 5*z + 66 = 3*i, -c*i + 88 = 7*z - 8*z. Let y(j) = -j**3 + 16*j**2 + 16*j + 19. List the prime factors of y(i).
2
Let w(z) = -z**3 - 10*z**2 - z - 35. Let o be w(-9). Let h = o + 141. What are the prime factors of h?
2, 17
Let w = 241 + 63. Suppose -8*s = -10*s + w. List the prime factors of s.
2, 19
Let f(i) be the second derivative of -i**6/720 + 19*i**5/120 + 5*i**4/12 - 15*i. Let u(b) be the third derivative of f(b). List the prime factors of u(6).
13
Let a = 53 + -51. Let c be -2 + (-50 - -2) + a. Let y = 50 + c. List the prime factors of y.
2
Suppose 15*b - 1634 - 256 = 0. Let r = -123 + b. Suppose r*m - 698 = -0*m + j, -4*m + 909 = 3*j. What are the prime factors of m?
3, 7, 11
Let i(s) = 20*s - 60. Let f be i(3). Let t(c) = c**2 - 3*c + 533. What are the prime factors of t(f)?
13, 41
Let x = -339 - -3404. List the prime factors of x.
5, 613
List the prime factors of (9*(-5)/(-90))/(5/271900).
2, 5, 2719
Let v = -370 + 550. Suppose 450 = 5*w - 0*m + 3*m, 0 = -2*w - 3*m + v. List the prime factors of w.
2, 3, 5
Let q be -5 - (0 + (-5 - 3)). Suppose u - 7 = x, 1 = -x + q*x + u. What are the prime factors of (4 - 2)/(x/(-93)*3)?
31
Let k = -24874 - -38239. What are the prime factors of k?
3, 5, 11
Suppose -4*y + 4*t + t - 30 = 0, 3*y + 3*t = -36. Let a(s) = -s**3 - 10*s**2 + 3*s + 25. Let k be a(y). List the prime factors of (-938)/k - 10/(-25).
2, 47
Let s = -1623 + 4271. What are the prime factors of s?
2, 331
Let q = 5744 - -26959. What are the prime factors of q?
3, 11, 991
Let n = 38 + -19. Suppose -n = 2*t - 5*k, -4*k + 0 + 4 = 0. Let g = 91 + t. What are the prime factors of g?
2, 3, 7
Let i = 4 - 3. Let p(d) = -285*d**2 - 8*d + 6. Let g(q) = 142*q**2 + 5*q - 4. Let j(n) = -7*g(n) - 4*p(n). List the prime factors of j(i).
3, 7
Let q = 85 + -72. Suppose -q*r + 5516 = 992. List the prime factors of r.
2, 3, 29
Suppose -39*x + 25*x = -28. List the prime factors of (-9)/3 + (46 - x).
41
Suppose -5*r - 26055 = -3*n, -r = n - 2149 - 6528. List the prime factors of n.
2, 5, 7, 31
Suppose -2*u + 2*w = -142 - 28, -5*u = 2*w - 453. Let